{"id":1402,"date":"2019-05-21T23:08:54","date_gmt":"2019-05-21T23:08:54","guid":{"rendered":"https:\/\/www.reclalgarve.pt\/clientes\/"},"modified":"2021-08-12T11:31:42","modified_gmt":"2021-08-12T11:31:42","slug":"clients","status":"publish","type":"page","link":"https:\/\/reclalgarve.pt\/en\/services\/clients\/","title":{"rendered":"Clients"},"content":{"rendered":"\n<p>Some of our <strong>Reference Clients <\/strong>who continue to Choose and Trust in our services:<\/p>\n\n\n\n<div class=\"wp-block-kobu-custom-blocks-responsive-spacer responsive-spacer size-medium\"><\/div>\n\n\n\n<div class=\"wp-block-kobu-custom-blocks-inner-content-img alignwide media-content-group child-item align-left valign-center img-first\"><div class=\"media-col\"><figure><noscript class=\"loading-lazy\"><img loading=\"lazy\" decoding=\"async\" width=\"839\" height=\"595\" class=\"wp-image-1567\" src=\"https:\/\/www.reclalgarve.pt\/files\/uploads\/2021\/08\/ANA-AEROPORTOS.png\" alt=\"\" title=\"ANA AEROPORTOS\" sizes=\"auto, (min-width: 1201px) 35vw, (min-width: 601px) 50vw, 100vw\" srcset=\"https:\/\/reclalgarve.pt\/files\/uploads\/2021\/08\/ANA-AEROPORTOS.png 839w, https:\/\/reclalgarve.pt\/files\/uploads\/2021\/08\/ANA-AEROPORTOS-300x213.png 300w, https:\/\/reclalgarve.pt\/files\/uploads\/2021\/08\/ANA-AEROPORTOS-768x545.png 768w\" \/><\/noscript><\/figure><\/div><div class=\"content-col\"><div class=\"content-col-wrapper\">\n<p><em><em>\u201cO Aeroporto de Faro conta com a Reclalgarve em diversos sectores, da concep\u00e7\u00e3o gr\u00e1fica \u00e0 produ\u00e7\u00e3o de equipamento especializado, demonstrando sempre grande profissionalismo e disponibilidade. S\u00e3o mais de vinte anos de esfo\u00e7o conjunto. Horas intermin\u00e1veis de trabalho, que permitiram fortalecer ambas as equipas, rumo a metas cada vez mais exigentes.\u201d<\/em><\/em><\/p>\n\n\n\n<p class=\"has-small-font-size\"><strong><strong>Carlos Andrade Pernas, Product Management and Passenger Service, ANA Aeroportos de Portugal.<\/strong><\/strong><\/p>\n<\/div><\/div><\/div>\n\n\n\n<div class=\"wp-block-kobu-custom-blocks-responsive-spacer responsive-spacer size-large\"><\/div>\n\n\n\n<div class=\"wp-block-kobu-custom-blocks-inner-content-img alignwide media-content-group child-item align-right valign-center img-first\"><div class=\"media-col\"><figure><noscript class=\"loading-lazy\"><img loading=\"lazy\" decoding=\"async\" width=\"839\" height=\"595\" class=\"wp-image-1574\" src=\"https:\/\/www.reclalgarve.pt\/files\/uploads\/2021\/08\/CREDITO-AGRICOLA.png\" alt=\"\" title=\"CREDITO AGRICOLA\" sizes=\"auto, (min-width: 1201px) 35vw, (min-width: 601px) 50vw, 100vw\" srcset=\"https:\/\/reclalgarve.pt\/files\/uploads\/2021\/08\/CREDITO-AGRICOLA.png 839w, https:\/\/reclalgarve.pt\/files\/uploads\/2021\/08\/CREDITO-AGRICOLA-300x213.png 300w, https:\/\/reclalgarve.pt\/files\/uploads\/2021\/08\/CREDITO-AGRICOLA-768x545.png 768w\" \/><\/noscript><\/figure><\/div><div class=\"content-col\"><div class=\"content-col-wrapper\">\n<p><em><em><em><em>&#8220;The Reclalgarve company has been a business partner of CCAM Algarve since its foundation. We count on the company from advice to the execution of works within the scope of its activity.&#8221;<\/em><\/em>\u00a0<\/em><\/em><\/p>\n\n\n\n<p class=\"has-small-font-size\"><strong><strong><strong>Maria Aurora Cabrita, Coordinator of the Administrative and Property Area, Caixa de Cr\u00e9dito Agr\u00edcola M\u00fatuo do Algarve.<\/strong><\/strong><\/strong><\/p>\n<\/div><\/div><\/div>\n\n\n\n<div class=\"wp-block-kobu-custom-blocks-responsive-spacer responsive-spacer size-large\"><\/div>\n\n\n\n<div class=\"wp-block-kobu-custom-blocks-inner-content-img alignwide media-content-group child-item align-left valign-center img-first\"><div class=\"media-col\"><figure><noscript class=\"loading-lazy\"><img loading=\"lazy\" decoding=\"async\" width=\"839\" height=\"595\" class=\"wp-image-1581\" src=\"https:\/\/www.reclalgarve.pt\/files\/uploads\/2021\/08\/PORTWAY.png\" alt=\"\" title=\"PORTWAY\" sizes=\"auto, (min-width: 1201px) 35vw, (min-width: 601px) 50vw, 100vw\" srcset=\"https:\/\/reclalgarve.pt\/files\/uploads\/2021\/08\/PORTWAY.png 839w, https:\/\/reclalgarve.pt\/files\/uploads\/2021\/08\/PORTWAY-300x213.png 300w, https:\/\/reclalgarve.pt\/files\/uploads\/2021\/08\/PORTWAY-768x545.png 768w\" \/><\/noscript><\/figure><\/div><div class=\"content-col\"><div class=\"content-col-wrapper\">\n<p><em><em><em><em><em>&#8220;Having Reclalgarve as a partner over the years has been a pleasure and an added value, thanks to their excellent service and dedication.&#8221;<\/em><\/em><\/em><\/em><\/em><\/p>\n\n\n\n<p class=\"has-small-font-size\"><strong><strong><strong><strong>Susana Vilar, Marketing Department, Portway &#8211; Handling de Portugal, S.A.<\/strong><\/strong><\/strong><\/strong><\/p>\n<\/div><\/div><\/div>\n\n\n\n<div class=\"wp-block-kobu-custom-blocks-responsive-spacer responsive-spacer size-large\"><\/div>\n\n\n\n<div class=\"wp-block-kobu-custom-blocks-inner-content-img alignwide media-content-group child-item align-right valign-center img-first\"><div class=\"media-col\"><figure><noscript class=\"loading-lazy\"><img loading=\"lazy\" decoding=\"async\" width=\"839\" height=\"595\" class=\"wp-image-1584\" src=\"https:\/\/www.reclalgarve.pt\/files\/uploads\/2021\/08\/HERTZ.png\" alt=\"\" title=\"HERTZ\" sizes=\"auto, (min-width: 1201px) 35vw, (min-width: 601px) 50vw, 100vw\" srcset=\"https:\/\/reclalgarve.pt\/files\/uploads\/2021\/08\/HERTZ.png 839w, https:\/\/reclalgarve.pt\/files\/uploads\/2021\/08\/HERTZ-300x213.png 300w, https:\/\/reclalgarve.pt\/files\/uploads\/2021\/08\/HERTZ-768x545.png 768w\" \/><\/noscript><\/figure><\/div><div class=\"content-col\"><div class=\"content-col-wrapper\">\n<p><em><em><em><em>&#8220;Reclalgarve is a great company with very competent professionals who stand out for their professionalism, total availability and sympathy. I would recommend this company to our partners without any reservation. Thank you for being a fantastic partner!&#8221;<\/em>\u00a0<\/em><\/em><\/em><\/p>\n\n\n\n<p class=\"has-small-font-size\"><strong><strong><strong><strong>\u00c2ngela Matos, Marketing Coordinator, Hertz Portugal.<\/strong><\/strong><\/strong><\/strong><\/p>\n<\/div><\/div><\/div>\n\n\n\n<div class=\"wp-block-kobu-custom-blocks-responsive-spacer responsive-spacer size-large\"><\/div>\n\n\n\n<div class=\"wp-block-kobu-custom-blocks-inner-content-img alignwide media-content-group child-item align-left valign-center img-first\"><div class=\"media-col\"><figure><noscript class=\"loading-lazy\"><img loading=\"lazy\" decoding=\"async\" width=\"839\" height=\"595\" class=\"wp-image-1586\" src=\"https:\/\/www.reclalgarve.pt\/files\/uploads\/2021\/08\/CENTRO-PORSCHE-FARO.png\" alt=\"\" title=\"CENTRO PORSCHE FARO\" sizes=\"auto, (min-width: 1201px) 35vw, (min-width: 601px) 50vw, 100vw\" srcset=\"https:\/\/reclalgarve.pt\/files\/uploads\/2021\/08\/CENTRO-PORSCHE-FARO.png 839w, https:\/\/reclalgarve.pt\/files\/uploads\/2021\/08\/CENTRO-PORSCHE-FARO-300x213.png 300w, https:\/\/reclalgarve.pt\/files\/uploads\/2021\/08\/CENTRO-PORSCHE-FARO-768x545.png 768w\" \/><\/noscript><\/figure><\/div><div class=\"content-col\"><div class=\"content-col-wrapper\">\n<p><em><em><em><em><em><em>&#8220;To define the Reclalgarve service, from contact to final delivery, through budgeting and execution, I would choose three words: Speed, Rigour and Quality. It is for these reasons that we count on Reclalgarve in the restricted set of our suppliers.&#8221;\u00a0<\/em><\/em><\/em><\/em><\/em><\/em><\/p>\n\n\n\n<p class=\"has-small-font-size\"><strong><strong><strong><strong><strong><strong>Jos\u00e9 Barros Rodrigues, Manager, Porsche Center Faro.<\/strong><\/strong><\/strong><\/strong><\/strong><\/strong><\/p>\n<\/div><\/div><\/div>\n\n\n\n<div class=\"wp-block-kobu-custom-blocks-responsive-spacer responsive-spacer size-large\"><\/div>\n\n\n\n<div class=\"wp-block-kobu-custom-blocks-inner-content-img alignwide media-content-group child-item align-right valign-center img-first\"><div class=\"media-col\"><figure><noscript class=\"loading-lazy\"><img loading=\"lazy\" decoding=\"async\" width=\"839\" height=\"595\" class=\"wp-image-1588\" src=\"https:\/\/www.reclalgarve.pt\/files\/uploads\/2021\/08\/ENTREPOSTO-AUTO.png\" alt=\"\" title=\"ENTREPOSTO AUTO\" sizes=\"auto, (min-width: 1201px) 35vw, (min-width: 601px) 50vw, 100vw\" srcset=\"https:\/\/reclalgarve.pt\/files\/uploads\/2021\/08\/ENTREPOSTO-AUTO.png 839w, https:\/\/reclalgarve.pt\/files\/uploads\/2021\/08\/ENTREPOSTO-AUTO-300x213.png 300w, https:\/\/reclalgarve.pt\/files\/uploads\/2021\/08\/ENTREPOSTO-AUTO-768x545.png 768w\" \/><\/noscript><\/figure><\/div><div class=\"content-col\"><div class=\"content-col-wrapper\">\n<p><em><em><em><em><em><em><em>&#8220;The work performed with Reclalgarve corresponded to the quality we requested. The professionalism of the company and its capacity to respond to requests in a fast way deserve special mention. All the staff are helpful and friendly, very receptive to our requests and always manage to find a solution for each one of our wishes. The team is to be congratulated!&#8221;<\/em><\/em><\/em><\/em><\/em><\/em><\/em><\/p>\n\n\n\n<p class=\"has-small-font-size\"><strong><strong><strong><strong><strong><strong><strong>Patr\u00edcia Ramos Jacinto, Marketing Technician, Entreposto Auto Group.<\/strong><\/strong><\/strong><\/strong><\/strong><\/strong><\/strong><\/p>\n<\/div><\/div><\/div>\n\n\n\n<div class=\"wp-block-kobu-custom-blocks-responsive-spacer responsive-spacer size-large\"><\/div>\n\n\n\n<p><\/p>\n","protected":false},"excerpt":{"rendered":"<p>Some of our Reference Clients who continue to Choose and Trust in our services:<\/p>\n","protected":false},"author":1,"featured_media":0,"parent":1405,"menu_order":0,"comment_status":"closed","ping_status":"closed","template":"","meta":{"_acf_changed":false,"om_disable_all_campaigns":false,"footnotes":""},"class_list":["post-1402","page","type-page","status-publish","hentry"],"acf":[],"aioseo_notices":[],"_links":{"self":[{"href":"https:\/\/reclalgarve.pt\/en\/wp-json\/wp\/v2\/pages\/1402","targetHints":{"allow":["GET"]}}],"collection":[{"href":"https:\/\/reclalgarve.pt\/en\/wp-json\/wp\/v2\/pages"}],"about":[{"href":"https:\/\/reclalgarve.pt\/en\/wp-json\/wp\/v2\/types\/page"}],"author":[{"embeddable":true,"href":"https:\/\/reclalgarve.pt\/en\/wp-json\/wp\/v2\/users\/1"}],"replies":[{"embeddable":true,"href":"https:\/\/reclalgarve.pt\/en\/wp-json\/wp\/v2\/comments?post=1402"}],"version-history":[{"count":3,"href":"https:\/\/reclalgarve.pt\/en\/wp-json\/wp\/v2\/pages\/1402\/revisions"}],"predecessor-version":[{"id":1596,"href":"https:\/\/reclalgarve.pt\/en\/wp-json\/wp\/v2\/pages\/1402\/revisions\/1596"}],"up":[{"embeddable":true,"href":"https:\/\/reclalgarve.pt\/en\/wp-json\/wp\/v2\/pages\/1405"}],"wp:attachment":[{"href":"https:\/\/reclalgarve.pt\/en\/wp-json\/wp\/v2\/media?parent=1402"}],"curies":[{"name":"wp","href":"https:\/\/api.w.org\/{rel}","templated":true}]}}

<p>Some of our <strong>Reference Clients </strong>who continue to Choose and Trust in our services:</p>



<div class="wp-block-kobu-custom-blocks-responsive-spacer responsive-spacer size-medium"></div>



<div class="wp-block-kobu-custom-blocks-inner-content-img alignwide media-content-group child-item align-left valign-center img-first"><div class="media-col"><figure><noscript class="loading-lazy"><img loading="lazy" decoding="async" width="839" height="595" class="wp-image-1567" src="https://www.reclalgarve.pt/files/uploads/2021/08/ANA-AEROPORTOS.png" alt="" title="ANA AEROPORTOS" sizes="auto, (min-width: 1201px) 35vw, (min-width: 601px) 50vw, 100vw" srcset="https://reclalgarve.pt/files/uploads/2021/08/ANA-AEROPORTOS.png 839w, https://reclalgarve.pt/files/uploads/2021/08/ANA-AEROPORTOS-300x213.png 300w, https://reclalgarve.pt/files/uploads/2021/08/ANA-AEROPORTOS-768x545.png 768w" /></noscript></figure></div><div class="content-col"><div class="content-col-wrapper">
<p><em><em>“O Aeroporto de Faro conta com a Reclalgarve em diversos sectores, da concepção gráfica à produção de equipamento especializado, demonstrando sempre grande profissionalismo e disponibilidade. São mais de vinte anos de esfoço conjunto. Horas intermináveis de trabalho, que permitiram fortalecer ambas as equipas, rumo a metas cada vez mais exigentes.”</em></em></p>



<p class="has-small-font-size"><strong><strong>Carlos Andrade Pernas, Product Management and Passenger Service, ANA Aeroportos de Portugal.</strong></strong></p>
</div></div></div>



<div class="wp-block-kobu-custom-blocks-responsive-spacer responsive-spacer size-large"></div>



<div class="wp-block-kobu-custom-blocks-inner-content-img alignwide media-content-group child-item align-right valign-center img-first"><div class="media-col"><figure><noscript class="loading-lazy"><img loading="lazy" decoding="async" width="839" height="595" class="wp-image-1574" src="https://www.reclalgarve.pt/files/uploads/2021/08/CREDITO-AGRICOLA.png" alt="" title="CREDITO AGRICOLA" sizes="auto, (min-width: 1201px) 35vw, (min-width: 601px) 50vw, 100vw" srcset="https://reclalgarve.pt/files/uploads/2021/08/CREDITO-AGRICOLA.png 839w, https://reclalgarve.pt/files/uploads/2021/08/CREDITO-AGRICOLA-300x213.png 300w, https://reclalgarve.pt/files/uploads/2021/08/CREDITO-AGRICOLA-768x545.png 768w" /></noscript></figure></div><div class="content-col"><div class="content-col-wrapper">
<p><em><em><em><em>&#8220;The Reclalgarve company has been a business partner of CCAM Algarve since its foundation. We count on the company from advice to the execution of works within the scope of its activity.&#8221;</em></em> </em></em></p>



<p class="has-small-font-size"><strong><strong><strong>Maria Aurora Cabrita, Coordinator of the Administrative and Property Area, Caixa de Crédito Agrícola Mútuo do Algarve.</strong></strong></strong></p>
</div></div></div>



<div class="wp-block-kobu-custom-blocks-responsive-spacer responsive-spacer size-large"></div>



<div class="wp-block-kobu-custom-blocks-inner-content-img alignwide media-content-group child-item align-left valign-center img-first"><div class="media-col"><figure><noscript class="loading-lazy"><img loading="lazy" decoding="async" width="839" height="595" class="wp-image-1581" src="https://www.reclalgarve.pt/files/uploads/2021/08/PORTWAY.png" alt="" title="PORTWAY" sizes="auto, (min-width: 1201px) 35vw, (min-width: 601px) 50vw, 100vw" srcset="https://reclalgarve.pt/files/uploads/2021/08/PORTWAY.png 839w, https://reclalgarve.pt/files/uploads/2021/08/PORTWAY-300x213.png 300w, https://reclalgarve.pt/files/uploads/2021/08/PORTWAY-768x545.png 768w" /></noscript></figure></div><div class="content-col"><div class="content-col-wrapper">
<p><em><em><em><em><em>&#8220;Having Reclalgarve as a partner over the years has been a pleasure and an added value, thanks to their excellent service and dedication.&#8221;</em></em></em></em></em></p>



<p class="has-small-font-size"><strong><strong><strong><strong>Susana Vilar, Marketing Department, Portway &#8211; Handling de Portugal, S.A.</strong></strong></strong></strong></p>
</div></div></div>



<div class="wp-block-kobu-custom-blocks-responsive-spacer responsive-spacer size-large"></div>



<div class="wp-block-kobu-custom-blocks-inner-content-img alignwide media-content-group child-item align-right valign-center img-first"><div class="media-col"><figure><noscript class="loading-lazy"><img loading="lazy" decoding="async" width="839" height="595" class="wp-image-1584" src="https://www.reclalgarve.pt/files/uploads/2021/08/HERTZ.png" alt="" title="HERTZ" sizes="auto, (min-width: 1201px) 35vw, (min-width: 601px) 50vw, 100vw" srcset="https://reclalgarve.pt/files/uploads/2021/08/HERTZ.png 839w, https://reclalgarve.pt/files/uploads/2021/08/HERTZ-300x213.png 300w, https://reclalgarve.pt/files/uploads/2021/08/HERTZ-768x545.png 768w" /></noscript></figure></div><div class="content-col"><div class="content-col-wrapper">
<p><em><em><em><em>&#8220;Reclalgarve is a great company with very competent professionals who stand out for their professionalism, total availability and sympathy. I would recommend this company to our partners without any reservation. Thank you for being a fantastic partner!&#8221;</em> </em></em></em></p>



<p class="has-small-font-size"><strong><strong><strong><strong>Ângela Matos, Marketing Coordinator, Hertz Portugal.</strong></strong></strong></strong></p>
</div></div></div>



<div class="wp-block-kobu-custom-blocks-responsive-spacer responsive-spacer size-large"></div>



<div class="wp-block-kobu-custom-blocks-inner-content-img alignwide media-content-group child-item align-left valign-center img-first"><div class="media-col"><figure><noscript class="loading-lazy"><img loading="lazy" decoding="async" width="839" height="595" class="wp-image-1586" src="https://www.reclalgarve.pt/files/uploads/2021/08/CENTRO-PORSCHE-FARO.png" alt="" title="CENTRO PORSCHE FARO" sizes="auto, (min-width: 1201px) 35vw, (min-width: 601px) 50vw, 100vw" srcset="https://reclalgarve.pt/files/uploads/2021/08/CENTRO-PORSCHE-FARO.png 839w, https://reclalgarve.pt/files/uploads/2021/08/CENTRO-PORSCHE-FARO-300x213.png 300w, https://reclalgarve.pt/files/uploads/2021/08/CENTRO-PORSCHE-FARO-768x545.png 768w" /></noscript></figure></div><div class="content-col"><div class="content-col-wrapper">
<p><em><em><em><em><em><em>&#8220;To define the Reclalgarve service, from contact to final delivery, through budgeting and execution, I would choose three words: Speed, Rigour and Quality. It is for these reasons that we count on Reclalgarve in the restricted set of our suppliers.&#8221; </em></em></em></em></em></em></p>



<p class="has-small-font-size"><strong><strong><strong><strong><strong><strong>José Barros Rodrigues, Manager, Porsche Center Faro.</strong></strong></strong></strong></strong></strong></p>
</div></div></div>



<div class="wp-block-kobu-custom-blocks-responsive-spacer responsive-spacer size-large"></div>



<div class="wp-block-kobu-custom-blocks-inner-content-img alignwide media-content-group child-item align-right valign-center img-first"><div class="media-col"><figure><noscript class="loading-lazy"><img loading="lazy" decoding="async" width="839" height="595" class="wp-image-1588" src="https://www.reclalgarve.pt/files/uploads/2021/08/ENTREPOSTO-AUTO.png" alt="" title="ENTREPOSTO AUTO" sizes="auto, (min-width: 1201px) 35vw, (min-width: 601px) 50vw, 100vw" srcset="https://reclalgarve.pt/files/uploads/2021/08/ENTREPOSTO-AUTO.png 839w, https://reclalgarve.pt/files/uploads/2021/08/ENTREPOSTO-AUTO-300x213.png 300w, https://reclalgarve.pt/files/uploads/2021/08/ENTREPOSTO-AUTO-768x545.png 768w" /></noscript></figure></div><div class="content-col"><div class="content-col-wrapper">
<p><em><em><em><em><em><em><em>&#8220;The work performed with Reclalgarve corresponded to the quality we requested. The professionalism of the company and its capacity to respond to requests in a fast way deserve special mention. All the staff are helpful and friendly, very receptive to our requests and always manage to find a solution for each one of our wishes. The team is to be congratulated!&#8221;</em></em></em></em></em></em></em></p>



<p class="has-small-font-size"><strong><strong><strong><strong><strong><strong><strong>Patrícia Ramos Jacinto, Marketing Technician, Entreposto Auto Group.</strong></strong></strong></strong></strong></strong></strong></p>
</div></div></div>



<div class="wp-block-kobu-custom-blocks-responsive-spacer responsive-spacer size-large"></div>



<p></p>
